{"id":25,"date":"2021-08-19T08:43:17","date_gmt":"2021-08-19T08:43:17","guid":{"rendered":"http:\/\/www.kurt-gerstein.de\/?page_id=25"},"modified":"2021-08-30T06:50:58","modified_gmt":"2021-08-30T06:50:58","slug":"literatur-und-film","status":"publish","type":"page","link":"http:\/\/www.kurt-gerstein.de\/index.php\/literatur-und-film\/","title":{"rendered":"Rehabilitierung"},"content":{"rendered":"\n<p>Die Nachricht vom Kurt Tod Gersteins in dem franz\u00f6sischen Milit\u00e4rgef\u00e4ngnis Cherche-Midi erreichte die Witwe Elfriede Gerstein erst ein Jahr sp\u00e4ter. Zwei Tage zuvor hatten Freunde, wie der schwedische Diplomat Baron von Otter, die Suche nach Kurt Gerstein eingeleitet.<br>Am 17. August 1950 lehnte die Spruchkammer in T\u00fcbingen eine Rehabilitierung &#8220;des Nazis Gerstein&#8221; ab. Gerstein galt somit als &#8220;Belasteter&#8221; und Elfriede Gerstein verlor ihren Anspruch auf die Rente.<br>Den von Gerstein in Haft verfassten Bericht wurde zwar schon 1946 bei den N\u00fcrnberger Prozessen als Beweismittel zugelassen und verwendet, er wurde aber erst 1955 von L\u00e9on Poliakov in seinem Buch &#8220;Das Dritte Reich und die Juden&#8221; im vollst\u00e4ndigen Wortlaut ver\u00f6ffentlicht. Dennoch wurde das Schicksal Gersteins der breiten Bev\u00f6lkerungsmasse nicht bekannt. Ein erster Schritt in diese Richtung geschah zun\u00e4chst mit der Urauff\u00fchrung von Rolf Hochhuts Drama &#8220;Der Stellvertreter&#8221; 1963. Im darauf folgenden Jahr ver\u00f6ffentlichte der Jugendfreund Gersteins Helmut Franz dessen Kurzbiographie.<br>Erst 1965 &#8211; 20 Jahre nach seinem Tod &#8211; endete die erste Phase der Rehabilitierung. Nach langem Kampf, der von Elfriede Gerstein, Herbert Wei\u00dfelberg und Pr\u00e4ses der Westf\u00e4lischen Landeskirche Ernst Wilm angef\u00fchrt wurde, stufte der baden-w\u00fcrttenbergischen Ministerpr\u00e4sidenten Kurt Georg Kiesinger Gerstein als &#8220;Entlasteter&#8221; ein. Elfriede Gerstein wurden dennoch erst 1969 ihre Wiedergutmachungsanspr\u00fcche anerkannt.<br>Weitere Publikationen folgten:<\/p>\n\n\n\n<ul class=\"wp-block-list\"><li>1968: Saul Friedl\u00e4nder, Kurt Gerstein oder die Zwiesp\u00e4ltigkeit des Guten<\/li><li>1972: Pierre Joffroys, Der Spion Gottes. Die Passion des Kurt Gerstein<\/li><li>1999: J\u00fcrgen Sch\u00e4fer, Kurt Gerstein &#8211; Zeuge des Holocaust. Ein Leben zwischen Bibelkreisen und SS (wissenschaftliche Biographie)<\/li><\/ul>\n\n\n\n<p>1985 fand zum ersten Mal eine Ausstellung zum Leben Kurt Gersteins statt &#8211; Ausstellungsort war das Evangelische Landeskirchenarchiv in Bielefeld.<br>Anl\u00e4sslich des 50. Todestages gr\u00fcndete sich 1995 in Berchum der &#8220;Kurt Gerstein F\u00f6rderkreis&#8221;, in welchem w\u00e4hrend der folgenden Jahre wissenschaftliche Vortr\u00e4ge und Diskussionen gehalten wurden. Am 7. April 2000 er\u00f6ffnete die Wanderausstellung &#8220;Kurt Gerstein &#8211; Widerstand in SS-Uniform&#8221; in der Gedenkst\u00e4tte Deutscher Widerstand in Berlin. Die Ausstellung ist auch heute noch unterwegs.<br>Der Film &#8220;Amen. Der Stellvertreter&#8221; von Costa-Gavras ist vorerst die letzte Station der Rehabilitierung Gersteins. Im Februar 2002 in Paris und im Mai desselben Jahres in Bielefeld fand jeweils die Premiere des Filmes statt.<\/p>\n\n\n\n<figure class=\"wp-block-embed aligncenter is-type-video is-provider-youtube wp-block-embed-youtube wp-embed-aspect-16-9 wp-has-aspect-ratio\"><div class=\"wp-block-embed__wrapper\">\n<iframe loading=\"lazy\" title=\"AMEN - Trailer\" width=\"644\" height=\"362\" src=\"https:\/\/www.youtube.com\/embed\/bb65DUB2FyQ?feature=oembed\" frameborder=\"0\" allow=\"accelerometer; autoplay; clipboard-write; encrypted-media; gyroscope; picture-in-picture; web-share\" referrerpolicy=\"strict-origin-when-cross-origin\" allowfullscreen><\/iframe>\n<\/div><figcaption><sup>Englischsprachiger Trailer zu &#8220;Amen&#8221; auf dem YouTube-Kanal der Cohen Film-Collection<\/sup><\/figcaption><\/figure>\n\n\n\n<p>Die Rehabilitierung Kurt Gersteins ist auch heute noch nicht vollst\u00e4ndig abgeschlossen. Das Drama, der Film und die Ausstellungen haben dennoch ihren Teil dazu beigetragen.<br>Die These, ein SS-Offizier sei ein Widerstandsk\u00e4mpfer gegen das NS-Regime gewesen, verlangt nach einer breiten Auseinandersetzung sowohl mit der Person Gerstein als auch mit dem Zeitgeist der deutschen Bev\u00f6lkerung, der bis vor den Ersten Weltkrieg zur\u00fcckreicht. Es gestaltet sich schwierig, den Widerstand eines SS-Offiziers \u00f6ffentlich zu w\u00fcrdigen, ohne gleichzeitig im Detail zu erl\u00e4utern, dass es einen solchen Widerstand tats\u00e4chlich gegeben hat und wie er im Kontext anderer Widerstandsformen einzuordnen ist.<br>Dennoch bleiben h\u00e4ufig Fragen unbeantwortet, sodass die Person Gerstein heute noch von Historikern kontrovers diskutiert wird.<\/p>\n\n\n\n<figure class=\"wp-block-gallery aligncenter columns-2 is-cropped wp-block-gallery-1 is-layout-flex wp-block-gallery-is-layout-flex\"><ul class=\"blocks-gallery-grid\"><li class=\"blocks-gallery-item\"><figure><a href=\"http:\/\/www.kurt-gerstein.de\/wp-content\/uploads\/bi_costa_muehe.jpg\"><img loading=\"lazy\" decoding=\"async\" width=\"295\" height=\"190\" src=\"http:\/\/www.kurt-gerstein.de\/wp-content\/uploads\/bi_costa_muehe.jpg\" alt=\"\" data-id=\"335\" data-full-url=\"http:\/\/www.kurt-gerstein.de\/wp-content\/uploads\/bi_costa_muehe.jpg\" data-link=\"http:\/\/www.kurt-gerstein.de\/index.php\/literatur-und-film\/bi_costa_muehe\/\" class=\"wp-image-335\"\/><\/a><figcaption class=\"blocks-gallery-item__caption\">Costa-Gavras und Ulrich M\u00fche bei der Premiere von &#8220;Der Stellvertreter&#8221; 2002 in Bielefeld<\/figcaption><\/figure><\/li><li class=\"blocks-gallery-item\"><figure><a href=\"http:\/\/www.kurt-gerstein.de\/wp-content\/uploads\/bi_hey_costa.jpg\"><img loading=\"lazy\" decoding=\"async\" width=\"297\" height=\"197\" src=\"http:\/\/www.kurt-gerstein.de\/wp-content\/uploads\/bi_hey_costa.jpg\" alt=\"\" data-id=\"336\" data-full-url=\"http:\/\/www.kurt-gerstein.de\/wp-content\/uploads\/bi_hey_costa.jpg\" data-link=\"http:\/\/www.kurt-gerstein.de\/index.php\/literatur-und-film\/bi_hey_costa\/\" class=\"wp-image-336\"\/><\/a><figcaption class=\"blocks-gallery-item__caption\">Prof. Dr. Bernd Hey und Costa-Gavras bei der Premiere von &#8220;Der Stellvertreter&#8221; 2002 in Bielefeld<\/figcaption><\/figure><\/li><\/ul><\/figure>\n\n\n\n<p class=\"has-small-font-size\"><br>(Aus: Bernd Hey, Matthias Rickling, Kerstin Stockhecke, Kurt Gerstein (1905 &#8211; 1945). Widerstand in SS-Uniform &#8211; Katalog zur Ausstellung, Bielefeld 2005\u00b3)<\/p>\n\n\n\n<p class=\"has-small-font-size\">Weitere Informationen zum Rehabilitierungsprozess Kurt Gersteins in der Nachkriegszeit sind aktuell folgender wissenschaftlicher Arbeit zu entnehmen:<\/p>\n\n\n\n<p class=\"has-small-font-size\">Felix Dreyer: &#8220;Kurt Gerstein. Vom T\u00e4ter zum Widerstandsk\u00e4mpfer. Der Rehabilitierungsprozess Kurt Gersteins im Wandel der Beurteilung von Widerstand in der Nachkriegszeit&#8221;, in:&nbsp;<a rel=\"noreferrer noopener\" href=\"http:\/\/www.vwkg.de\/jahrbuch.htm\" target=\"_blank\">Jahrbuch f\u00fcr Westf\u00e4lische Kirchengeschichte<\/a>&nbsp;98 \/ 2003, 315-367.<\/p>\n","protected":false},"excerpt":{"rendered":"<p>Die Nachricht vom Kurt Tod Gersteins in dem franz\u00f6sischen Milit\u00e4rgef\u00e4ngnis Cherche-Midi erreichte die Witwe Elfriede Gerstein erst ein Jahr sp\u00e4ter. Zwei Tage zuvor hatten Freunde, wie der schwedische Diplomat Baron von Otter, die Suche nach Kurt Gerstein eingeleitet.Am 17. August 1950 lehnte die Spruchkammer in T\u00fcbingen eine Rehabilitierung &#8220;des Nazis Gerstein&#8221; ab. Gerstein galt somit&#8230;<\/p>\n","protected":false},"author":1,"featured_media":101,"parent":0,"menu_order":2,"comment_status":"closed","ping_status":"closed","template":"page_fullwidth.php","meta":{"footnotes":""},"class_list":["post-25","page","type-page","status-publish","has-post-thumbnail","hentry"],"_links":{"self":[{"href":"http:\/\/www.kurt-gerstein.de\/index.php\/wp-json\/wp\/v2\/pages\/25","targetHints":{"allow":["GET"]}}],"collection":[{"href":"http:\/\/www.kurt-gerstein.de\/index.php\/wp-json\/wp\/v2\/pages"}],"about":[{"href":"http:\/\/www.kurt-gerstein.de\/index.php\/wp-json\/wp\/v2\/types\/page"}],"author":[{"embeddable":true,"href":"http:\/\/www.kurt-gerstein.de\/index.php\/wp-json\/wp\/v2\/users\/1"}],"replies":[{"embeddable":true,"href":"http:\/\/www.kurt-gerstein.de\/index.php\/wp-json\/wp\/v2\/comments?post=25"}],"version-history":[{"count":14,"href":"http:\/\/www.kurt-gerstein.de\/index.php\/wp-json\/wp\/v2\/pages\/25\/revisions"}],"predecessor-version":[{"id":394,"href":"http:\/\/www.kurt-gerstein.de\/index.php\/wp-json\/wp\/v2\/pages\/25\/revisions\/394"}],"wp:featuredmedia":[{"embeddable":true,"href":"http:\/\/www.kurt-gerstein.de\/index.php\/wp-json\/wp\/v2\/media\/101"}],"wp:attachment":[{"href":"http:\/\/www.kurt-gerstein.de\/index.php\/wp-json\/wp\/v2\/media?parent=25"}],"curies":[{"name":"wp","href":"https:\/\/api.w.org\/{rel}","templated":true}]}}